{"id":55092,"date":"2022-03-14T22:46:51","date_gmt":"2022-03-14T21:46:51","guid":{"rendered":"http:\/\/mila.uvigo.gal\/gl\/?post_type=uv-announcement&#038;p=55092"},"modified":"2022-03-15T18:58:20","modified_gmt":"2022-03-15T17:58:20","slug":"conferencia-gramaticas-de-construcciones-y-descripcion-del-significado-lexico-y-pragmatico-usc","status":"publish","type":"uv-announcement","link":"http:\/\/mila.uvigo.gal\/en\/avisos\/conferencia-gramaticas-de-construcciones-y-descripcion-del-significado-lexico-y-pragmatico-usc\/","title":{"rendered":"Conferencia: Gram\u00e1tica(s) de construcciones y descripci\u00f3n del significado l\u00e9xico y pragm\u00e1tico (USC)"},"content":{"rendered":"<p>Profesor Pedro Ivorra Ordines (UPF\/USC)<\/p>\n<p>Data: Quinta feira 17 de marzo de 2022<br \/>\nHora: 16:00-17.30 horas<br \/>\nCentro: Facultade de Filolox\u00eda (USC)<br \/>\nSala de videoconferencias B03<\/p>\n<p><a href=\"http:\/\/mila.uvigo.gal\/wp-content\/uploads\/2022\/03\/Seforin-Pedro-Ivorra-20220317-1.pdf\">Seforin &#8211; Pedro Ivorra &#8211; 20220317 (1)<\/a><\/p>\n","protected":false},"author":2,"menu_order":0,"template":"","class_list":["post-55092","uv-announcement","type-uv-announcement","status-publish","hentry"],"_links":{"self":[{"href":"http:\/\/mila.uvigo.gal\/en\/wp-json\/wp\/v2\/uv-announcement\/55092","targetHints":{"allow":["GET"]}}],"collection":[{"href":"http:\/\/mila.uvigo.gal\/en\/wp-json\/wp\/v2\/uv-announcement"}],"about":[{"href":"http:\/\/mila.uvigo.gal\/en\/wp-json\/wp\/v2\/types\/uv-announcement"}],"author":[{"embeddable":true,"href":"http:\/\/mila.uvigo.gal\/en\/wp-json\/wp\/v2\/users\/2"}],"wp:attachment":[{"href":"http:\/\/mila.uvigo.gal\/en\/wp-json\/wp\/v2\/media?parent=55092"}],"curies":[{"name":"wp","href":"https:\/\/api.w.org\/{rel}","templated":true}]}}

Conferencia: Gramática(s) de construcciones y descripción del significado léxico y pragmático (USC)

<p>Profesor Pedro Ivorra Ordines (UPF/USC)</p>
<p>Data: Quinta feira 17 de marzo de 2022<br />
Hora: 16:00-17.30 horas<br />
Centro: Facultade de Filoloxía (USC)<br />
Sala de videoconferencias B03</p>
<p><a href="http://mila.uvigo.gal/wp-content/uploads/2022/03/Seforin-Pedro-Ivorra-20220317-1.pdf">Seforin &#8211; Pedro Ivorra &#8211; 20220317 (1)</a></p>
