{"id":25654,"date":"2019-05-29T11:02:59","date_gmt":"2019-05-29T09:02:59","guid":{"rendered":"http:\/\/linguisticaaplicada.webs7.uvigo.es\/coordinacion\/"},"modified":"2020-09-11T19:04:34","modified_gmt":"2020-09-11T17:04:34","slug":"coordinacion","status":"publish","type":"page","link":"http:\/\/mila.uvigo.gal\/es\/informacion\/coordinacion\/","title":{"rendered":"Coordinaci\u00f3n"},"content":{"rendered":"<h2>Coordinaci\u00f3n del t\u00edtulo<\/h2>\n<div class=\"row\">\n<div class=\"col-sm-4\">\n<h3>Coordinador\/a<\/h3>\n<p><strong>Margarita Alonso Ramos<\/strong><br \/>\n<a href=\"mailto:margarita.alonso@udc.es\">margarita.alonso@udc.es<\/a><\/p>\n<\/div>\n<div class=\"col-sm-4\">\n<h3>Secretario\/a<\/h3>\n<p><strong>Esperanza Ac\u00edn Villa<\/strong><br \/>\n<a href=\"mailto:eacin@udc.es\">eacin@udc.es<\/a><\/p>\n<\/div>\n<div class=\"col-sm-4\">\n<h3>Coord. UVigo<\/h3>\n<p><strong>Fernando Ramallo<\/strong><br \/>\n<a href=\"mailto:mila@uvigo.gal\">mila@uvigo.gal<\/a><\/p>\n<\/div>\n<\/div>\n<p>&nbsp;<\/p>\n<h2>Comisiones acad\u00e9micas<\/h2>\n<div class=\"row\">\n<div class=\"col-sm-4\">\n<h3>UDC<\/h3>\n<p><strong>Coordinador\/a<br \/>\n<\/strong>Margarita Alonso Ramos<\/p>\n<p><strong>Secretario\/a<\/strong><br \/>\nEsperanza Ac\u00edn Villa<\/p>\n<p><strong>Representante del decanato<\/strong><br \/>\nF\u00e9lix C\u00f3rdoba Rodr\u00edguez<\/p>\n<p><strong>Vocal<\/strong><br \/>\nIssac Lourido<\/p>\n<\/div>\n<div class=\"col-sm-4\">\n<h3>USC<\/h3>\n<p><strong>Coordinador\/a<\/strong><br \/>\nGabriela V\u00e1zquez Prego<\/p>\n<p><strong>Secretario\/a<\/strong><br \/>\nPablo Gamallo Otero<\/p>\n<p><strong>Representante del decanato<\/strong><br \/>\nEl\u00edas Torres Feij\u00f3<\/p>\n<\/div>\n<div class=\"col-sm-4\">\n<h3>UVigo<\/h3>\n<p><strong>Coordinador\/a<\/strong><br \/>\nFernando Ramallo<\/p>\n<p><strong>Secretario\/a<\/strong><br \/>\nAlexandre Rodr\u00edguez Guerra<\/p>\n<p><strong>Representante del decanato<\/strong><br \/>\nMar\u00eda Seijas Montero<\/p>\n<\/div>\n<\/div>\n<h3><\/h3>\n","protected":false},"excerpt":{"rendered":"<p>Coordinaci\u00f3n del t\u00edtulo &nbsp; Comisiones acad\u00e9micas<\/p>\n","protected":false},"author":2,"featured_media":0,"parent":25656,"menu_order":5,"comment_status":"closed","ping_status":"closed","template":"","meta":{"footnotes":""},"class_list":["post-25654","page","type-page","status-publish","hentry"],"_links":{"self":[{"href":"http:\/\/mila.uvigo.gal\/es\/wp-json\/wp\/v2\/pages\/25654","targetHints":{"allow":["GET"]}}],"collection":[{"href":"http:\/\/mila.uvigo.gal\/es\/wp-json\/wp\/v2\/pages"}],"about":[{"href":"http:\/\/mila.uvigo.gal\/es\/wp-json\/wp\/v2\/types\/page"}],"author":[{"embeddable":true,"href":"http:\/\/mila.uvigo.gal\/es\/wp-json\/wp\/v2\/users\/2"}],"replies":[{"embeddable":true,"href":"http:\/\/mila.uvigo.gal\/es\/wp-json\/wp\/v2\/comments?post=25654"}],"version-history":[{"count":4,"href":"http:\/\/mila.uvigo.gal\/es\/wp-json\/wp\/v2\/pages\/25654\/revisions"}],"predecessor-version":[{"id":28558,"href":"http:\/\/mila.uvigo.gal\/es\/wp-json\/wp\/v2\/pages\/25654\/revisions\/28558"}],"up":[{"embeddable":true,"href":"http:\/\/mila.uvigo.gal\/es\/wp-json\/wp\/v2\/pages\/25656"}],"wp:attachment":[{"href":"http:\/\/mila.uvigo.gal\/es\/wp-json\/wp\/v2\/media?parent=25654"}],"curies":[{"name":"wp","href":"https:\/\/api.w.org\/{rel}","templated":true}]}}

Coordinación

<h2>Coordinación del título</h2>
<div class="row">
<div class="col-sm-4">
<h3>Coordinador/a</h3>
<p><strong>Margarita Alonso Ramos</strong><br />
<a href="mailto:margarita.alonso@udc.es">margarita.alonso@udc.es</a></p>
</div>
<div class="col-sm-4">
<h3>Secretario/a</h3>
<p><strong>Esperanza Acín Villa</strong><br />
<a href="mailto:eacin@udc.es">eacin@udc.es</a></p>
</div>
<div class="col-sm-4">
<h3>Coord. UVigo</h3>
<p><strong>Fernando Ramallo</strong><br />
<a href="mailto:mila@uvigo.gal">mila@uvigo.gal</a></p>
</div>
</div>
<p>&nbsp;</p>
<h2>Comisiones académicas</h2>
<div class="row">
<div class="col-sm-4">
<h3>UDC</h3>
<p><strong>Coordinador/a<br />
</strong>Margarita Alonso Ramos</p>
<p><strong>Secretario/a</strong><br />
Esperanza Acín Villa</p>
<p><strong>Representante del decanato</strong><br />
Félix Córdoba Rodríguez</p>
<p><strong>Vocal</strong><br />
Issac Lourido</p>
</div>
<div class="col-sm-4">
<h3>USC</h3>
<p><strong>Coordinador/a</strong><br />
Gabriela Vázquez Prego</p>
<p><strong>Secretario/a</strong><br />
Pablo Gamallo Otero</p>
<p><strong>Representante del decanato</strong><br />
Elías Torres Feijó</p>
</div>
<div class="col-sm-4">
<h3>UVigo</h3>
<p><strong>Coordinador/a</strong><br />
Fernando Ramallo</p>
<p><strong>Secretario/a</strong><br />
Alexandre Rodríguez Guerra</p>
<p><strong>Representante del decanato</strong><br />
María Seijas Montero</p>
</div>
</div>
<h3></h3>

<p>Coordinación del título &nbsp; Comisiones académicas</p>
