{"id":25660,"date":"2019-05-29T11:12:37","date_gmt":"2019-05-29T09:12:37","guid":{"rendered":"http:\/\/linguisticaaplicada.webs7.uvigo.es\/requisitos-de-aceso\/"},"modified":"2020-07-23T10:53:37","modified_gmt":"2020-07-23T08:53:37","slug":"requisitos-de-acceso","status":"publish","type":"page","link":"http:\/\/mila.uvigo.gal\/es\/acceso\/requisitos-de-acceso\/","title":{"rendered":"Requisitos de acceso"},"content":{"rendered":"<h2>Requisitos de acceso<\/h2>\n<p>Podr\u00e1n acceder a las ense\u00f1anzas oficiales de m\u00e1ster:<\/p>\n<ul class=\"list-peak\">\n<li>Las personas que est\u00e9n en posesi\u00f3n de un t\u00edtulo universitario oficial espa\u00f1ol.<\/li>\n<li>Aquellas que tengan un t\u00edtulo expedido por una instituci\u00f3n de educaci\u00f3n superior del EEES que facultad en el pa\u00eds expedidor del t\u00edtulo para el acceso a ense\u00f1anzas de m\u00e1ster.<\/li>\n<li>Las personas tituladas conforme a sistemas educativos ajenos al EEES sin necesidad de homologaci\u00f3n de sus t\u00edtulos, previa comprobaci\u00f3n por la universidad de que dichos t\u00edtulos acreditan un nivel de formaci\u00f3n equivalente a los correspondientes t\u00edtulos universitarios espa\u00f1oles y que facultan en el pa\u00eds expedidor del t\u00edtulo para el acceso a ense\u00f1anzas de posgrado.<\/li>\n<\/ul>\n<p>En el caso de haber m\u00e1s solicitudes que plazas ofertadas se aplicaran los criterios que la Comisi\u00f3n Acad\u00e9mica publica cada a\u00f1o, vigentes del t\u00edtulo y las normativas de las diferentes universidades.<\/p>\n<p>&nbsp;<\/p>\n<h2>Perfil de ingreso<\/h2>\n<p>Resulta recomendable, como perfil de ingreso, la existencia de una formaci\u00f3n acad\u00e9mica previa en el \u00e1mbito de Artes y Humanidades o de las Ciencias Sociales, especialmente tener cursado un t\u00edtulo de grado o equivalente que contemple una formaci\u00f3n espec\u00edfica en los estudios ling\u00fc\u00edsticos, en el \u00e1mbito de la comunicaci\u00f3n.<\/p>\n","protected":false},"excerpt":{"rendered":"<p>Requisitos de acceso Podr\u00e1n acceder a las ense\u00f1anzas oficiales de m\u00e1ster: Las personas que est\u00e9n en posesi\u00f3n de un t\u00edtulo universitario oficial espa\u00f1ol. Aquellas que &hellip; <a class=\"excerpt_more\" href=\"http:\/\/mila.uvigo.gal\/es\/acceso\/requisitos-de-acceso\/\">Contin\u00faa<\/a><\/p>\n","protected":false},"author":2,"featured_media":0,"parent":25672,"menu_order":1,"comment_status":"closed","ping_status":"closed","template":"","meta":{"footnotes":""},"class_list":["post-25660","page","type-page","status-publish","hentry"],"_links":{"self":[{"href":"http:\/\/mila.uvigo.gal\/es\/wp-json\/wp\/v2\/pages\/25660","targetHints":{"allow":["GET"]}}],"collection":[{"href":"http:\/\/mila.uvigo.gal\/es\/wp-json\/wp\/v2\/pages"}],"about":[{"href":"http:\/\/mila.uvigo.gal\/es\/wp-json\/wp\/v2\/types\/page"}],"author":[{"embeddable":true,"href":"http:\/\/mila.uvigo.gal\/es\/wp-json\/wp\/v2\/users\/2"}],"replies":[{"embeddable":true,"href":"http:\/\/mila.uvigo.gal\/es\/wp-json\/wp\/v2\/comments?post=25660"}],"version-history":[{"count":3,"href":"http:\/\/mila.uvigo.gal\/es\/wp-json\/wp\/v2\/pages\/25660\/revisions"}],"predecessor-version":[{"id":25818,"href":"http:\/\/mila.uvigo.gal\/es\/wp-json\/wp\/v2\/pages\/25660\/revisions\/25818"}],"up":[{"embeddable":true,"href":"http:\/\/mila.uvigo.gal\/es\/wp-json\/wp\/v2\/pages\/25672"}],"wp:attachment":[{"href":"http:\/\/mila.uvigo.gal\/es\/wp-json\/wp\/v2\/media?parent=25660"}],"curies":[{"name":"wp","href":"https:\/\/api.w.org\/{rel}","templated":true}]}}

<h2>Requisitos de acceso</h2>
<p>Podrán acceder a las enseñanzas oficiales de máster:</p>
<ul class="list-peak">
<li>Las personas que estén en posesión de un título universitario oficial español.</li>
<li>Aquellas que tengan un título expedido por una institución de educación superior del EEES que facultad en el país expedidor del título para el acceso a enseñanzas de máster.</li>
<li>Las personas tituladas conforme a sistemas educativos ajenos al EEES sin necesidad de homologación de sus títulos, previa comprobación por la universidad de que dichos títulos acreditan un nivel de formación equivalente a los correspondientes títulos universitarios españoles y que facultan en el país expedidor del título para el acceso a enseñanzas de posgrado.</li>
</ul>
<p>En el caso de haber más solicitudes que plazas ofertadas se aplicaran los criterios que la Comisión Académica publica cada año, vigentes del título y las normativas de las diferentes universidades.</p>
<p>&nbsp;</p>
<h2>Perfil de ingreso</h2>
<p>Resulta recomendable, como perfil de ingreso, la existencia de una formación académica previa en el ámbito de Artes y Humanidades o de las Ciencias Sociales, especialmente tener cursado un título de grado o equivalente que contemple una formación específica en los estudios lingüísticos, en el ámbito de la comunicación.</p>

<p>Requisitos de acceso Podrán acceder a las enseñanzas oficiales de máster: Las personas que estén en posesión de un título universitario oficial español. Aquellas que &hellip; <a class="excerpt_more" href="http://mila.uvigo.gal/es/acceso/requisitos-de-acceso/">Continúa</a></p>
