{"id":57882,"date":"2025-03-01T10:00:27","date_gmt":"2025-03-01T09:00:27","guid":{"rendered":"https:\/\/mila.uvigo.gal\/gl\/?post_type=uv-announcement&#038;p=57882"},"modified":"2025-05-07T16:19:42","modified_gmt":"2025-05-07T14:19:42","slug":"calendario-de-preinscricion-e-matricula-para-o-curso-2025-2026","status":"publish","type":"uv-announcement","link":"http:\/\/mila.uvigo.gal\/es\/avisos\/calendario-de-preinscricion-e-matricula-para-o-curso-2025-2026\/","title":{"rendered":"Calendario de preinscrici\u00f3n e matr\u00edcula para o curso 2025\/2026"},"content":{"rendered":"<p>Xa est\u00e1 publicado o calendario de preinscrici\u00f3n e matr\u00edcula para o vindeiro curso 2025\/2026.<\/p>\n<p class=\"mb-2\"><a class=\"btn btn-outline-primary btn-icon\" style=\"text-transform:none!important\" href=\"\/gl\/acceso\/calendario-de-matricula\/\">M\u00e1is informaci\u00f3n<\/a><\/p>\n","protected":false},"author":2,"menu_order":0,"template":"","class_list":["post-57882","uv-announcement","type-uv-announcement","status-publish","hentry"],"_links":{"self":[{"href":"http:\/\/mila.uvigo.gal\/es\/wp-json\/wp\/v2\/uv-announcement\/57882","targetHints":{"allow":["GET"]}}],"collection":[{"href":"http:\/\/mila.uvigo.gal\/es\/wp-json\/wp\/v2\/uv-announcement"}],"about":[{"href":"http:\/\/mila.uvigo.gal\/es\/wp-json\/wp\/v2\/types\/uv-announcement"}],"author":[{"embeddable":true,"href":"http:\/\/mila.uvigo.gal\/es\/wp-json\/wp\/v2\/users\/2"}],"wp:attachment":[{"href":"http:\/\/mila.uvigo.gal\/es\/wp-json\/wp\/v2\/media?parent=57882"}],"curies":[{"name":"wp","href":"https:\/\/api.w.org\/{rel}","templated":true}]}}

Calendario de preinscrición e matrícula para o curso 2025/2026

<p>Xa está publicado o calendario de preinscrición e matrícula para o vindeiro curso 2025/2026.</p>
<p class="mb-2"><a class="btn btn-outline-primary btn-icon" style="text-transform:none!important" href="/gl/acceso/calendario-de-matricula/">Máis información</a></p>
